{"id":19,"date":"2022-08-06T17:18:05","date_gmt":"2022-08-06T15:18:05","guid":{"rendered":"http:\/\/denkmal-berlin.de\/2016\/?page_id=19"},"modified":"2025-07-16T18:03:25","modified_gmt":"2025-07-16T16:03:25","slug":"faqs","status":"publish","type":"page","link":"https:\/\/denkmal-berlin.de\/jugendforum\/faqs\/","title":{"rendered":"FAQs"},"content":{"rendered":"<p>Hier findet ihr die Antworten auf die h\u00e4ufigsten Fragen zum <strong>Jugendforum<\/strong> <strong>denk<em>!mal<\/em><\/strong>. Falls noch Fragen offen bleiben, hilft euch das <a href=\"https:\/\/denkmal-berlin.de\/jugendforum\/kontakt\/\">Projektteam<\/a> gerne weiter.<\/p>\n<hr \/>\n<p><strong>Was ist denk<em>!mal<\/em>?<\/strong><br \/>\nDas <strong>Jugendforum<\/strong> <strong>denk<em>!mal<\/em><\/strong> ist ein Projekt des Abgeordnetenhauses von Berlin anl\u00e4sslich des Gedenktages f\u00fcr die Opfer des Nationalsozialismus, dem 27. Januar.<\/p>\n<hr \/>\n<p><strong>Was ist das Abgeordnetenhaus von Berlin?<\/strong><br \/>\nDas Abgeordnetenhaus von Berlin ist das Parlament des Landes Berlin. Von hier aus regieren die in allgemeiner, gleicher, freier, geheimer und direkter Wahl gew\u00e4hlten Abgeordneten. Weitere Informationen findet ihr unter <a href=\"http:\/\/www.parlament-berlin.de\/\" target=\"_blank\" rel=\"noopener noreferrer\">www.parlament-berlin.de<\/a>.<\/p>\n<hr \/>\n<p><strong>Wer kann bei <strong>denk<em>!mal<\/em><\/strong> mitmachen?<\/strong><br \/>\nKinder und Jugendliche bis zum Alter von 25 Jahren k\u00f6nnen sich am <strong>Jugendforum<\/strong> <strong>denk<em>!mal<\/em><\/strong> beteiligen \u2013 egal ob im Klassenverband, als Projektgruppe oder Einzelperson.<\/p>\n<hr \/>\n<p><strong>Was m\u00fcssen wir tun, um mitzumachen?<\/strong><br \/>\nUm bei <strong>denk<em>!mal<\/em><\/strong> mitzumachen, braucht ihr am besten ein fertiges Projekt bzw. eine Idee f\u00fcr ein Projekt, das sich bis Januar 2026 realisieren l\u00e4sst. Sagt uns so schnell wie m\u00f6glich, sp\u00e4testens aber bis<strong> 17. November 2025<\/strong> Bescheid, wenn ihr euer Projekt im Rahmen der Veranstaltung oder &#8211; gerne auch schon vorher &#8211; auf unserer Webseite pr\u00e4sentieren wollt. Wenn ihr Fragen habt, meldet euch einfach bei uns. Wir unterst\u00fctzen euch gerne.<\/p>\n<hr \/>\n<p><strong>Gibt es einen Anmeldeschluss?<\/strong><br \/>\nDer Bewerbungsschluss ist der 17. November. Bis dahin sollten eure Anmeldungen bei uns sein, damit wir euer Projekt noch in die Auswahl aufnehmen k\u00f6nnen. Fertig muss euer Projekt dann noch nicht sein. Sprecht uns dazu gerne an.<\/p>\n<hr size=\"2\" \/>\n<p><strong>Ist <strong>denk<em>!mal<\/em><\/strong> ein Wettbewerb? Gibt es Preise zu gewinnen?<\/strong><br \/>\nBei <strong>denk<em>!mal<\/em> <\/strong>geht es ums Mitmachen! Jedes Projekt ist dabei wichtig um die Erinnerung aufrecht zu erhalten. In diesem Jahr wird es au\u00dferdem eine Fachjury geben, die sich alle eure Projekte intensiv ansieht. Und auch Preise werden bei der Ausstellungser\u00f6ffnung verliehen. Bei einem davon k\u00f6nnt ihr auch selbst mitentscheiden.<\/p>\n<hr \/>\n<p><strong>Was f\u00fcr Projekte k\u00f6nnen angemeldet werden?<\/strong><br \/>\nEs gibt vier verschiedene Kategorien, in denen ihr euer Projekt vorstellen k\u00f6nnt. Die Kategorien sind: mach!<em>mal<\/em>, schreib<em>!mal, <\/em>mal<em>!mal, <\/em>sing<em>!mal. <\/em>Aber eure Projekte d\u00fcrfen nat\u00fcrlich auch in mehrere oder alle Kategorien passen.<em><br \/>\n<\/em><\/p>\n<p>Ihr k\u00f6nnt Euch nat\u00fcrlich auch anschauen, welche Projekte in den letzten Jahren pr\u00e4sentiert worden sind:<br \/>\n<a href=\"https:\/\/denkmal-berlin.de\/jugendforum\/archiv\/\" target=\"_blank\" rel=\"noopener noreferrer\">denk<em>!mal<\/em> Archiv<\/a><\/p>\n","protected":false},"excerpt":{"rendered":"<p>Hier findet ihr die Antworten auf die h\u00e4ufigsten Fragen zum Jugendforum denk!mal. Falls noch Fragen offen bleiben, hilft<span class=\"excerpt_more\">weiterlesen&#8230;<\/span><\/p>\n","protected":false},"author":7,"featured_media":0,"parent":0,"menu_order":0,"comment_status":"closed","ping_status":"closed","template":"","meta":{"footnotes":""},"class_list":["post-19","page","type-page","status-publish","hentry"],"_links":{"self":[{"href":"https:\/\/denkmal-berlin.de\/jugendforum\/wp-json\/wp\/v2\/pages\/19","targetHints":{"allow":["GET"]}}],"collection":[{"href":"https:\/\/denkmal-berlin.de\/jugendforum\/wp-json\/wp\/v2\/pages"}],"about":[{"href":"https:\/\/denkmal-berlin.de\/jugendforum\/wp-json\/wp\/v2\/types\/page"}],"author":[{"embeddable":true,"href":"https:\/\/denkmal-berlin.de\/jugendforum\/wp-json\/wp\/v2\/users\/7"}],"replies":[{"embeddable":true,"href":"https:\/\/denkmal-berlin.de\/jugendforum\/wp-json\/wp\/v2\/comments?post=19"}],"version-history":[{"count":4,"href":"https:\/\/denkmal-berlin.de\/jugendforum\/wp-json\/wp\/v2\/pages\/19\/revisions"}],"predecessor-version":[{"id":5060,"href":"https:\/\/denkmal-berlin.de\/jugendforum\/wp-json\/wp\/v2\/pages\/19\/revisions\/5060"}],"wp:attachment":[{"href":"https:\/\/denkmal-berlin.de\/jugendforum\/wp-json\/wp\/v2\/media?parent=19"}],"curies":[{"name":"wp","href":"https:\/\/api.w.org\/{rel}","templated":true}]}}

<p>Hier findet ihr die Antworten auf die häufigsten Fragen zum <strong>Jugendforum</strong> <strong>denk<em>!mal</em></strong>. Falls noch Fragen offen bleiben, hilft euch das <a href="https://denkmal-berlin.de/jugendforum/kontakt/">Projektteam</a> gerne weiter.</p>
<hr />
<p><strong>Was ist denk<em>!mal</em>?</strong><br />
Das <strong>Jugendforum</strong> <strong>denk<em>!mal</em></strong> ist ein Projekt des Abgeordnetenhauses von Berlin anlässlich des Gedenktages für die Opfer des Nationalsozialismus, dem 27. Januar.</p>
<hr />
<p><strong>Was ist das Abgeordnetenhaus von Berlin?</strong><br />
Das Abgeordnetenhaus von Berlin ist das Parlament des Landes Berlin. Von hier aus regieren die in allgemeiner, gleicher, freier, geheimer und direkter Wahl gewählten Abgeordneten. Weitere Informationen findet ihr unter <a href="http://www.parlament-berlin.de/" target="_blank" rel="noopener noreferrer">www.parlament-berlin.de</a>.</p>
<hr />
<p><strong>Wer kann bei <strong>denk<em>!mal</em></strong> mitmachen?</strong><br />
Kinder und Jugendliche bis zum Alter von 25 Jahren können sich am <strong>Jugendforum</strong> <strong>denk<em>!mal</em></strong> beteiligen – egal ob im Klassenverband, als Projektgruppe oder Einzelperson.</p>
<hr />
<p><strong>Was müssen wir tun, um mitzumachen?</strong><br />
Um bei <strong>denk<em>!mal</em></strong> mitzumachen, braucht ihr am besten ein fertiges Projekt bzw. eine Idee für ein Projekt, das sich bis Januar 2026 realisieren lässt. Sagt uns so schnell wie möglich, spätestens aber bis<strong> 17. November 2025</strong> Bescheid, wenn ihr euer Projekt im Rahmen der Veranstaltung oder &#8211; gerne auch schon vorher &#8211; auf unserer Webseite präsentieren wollt. Wenn ihr Fragen habt, meldet euch einfach bei uns. Wir unterstützen euch gerne.</p>
<hr />
<p><strong>Gibt es einen Anmeldeschluss?</strong><br />
Der Bewerbungsschluss ist der 17. November. Bis dahin sollten eure Anmeldungen bei uns sein, damit wir euer Projekt noch in die Auswahl aufnehmen können. Fertig muss euer Projekt dann noch nicht sein. Sprecht uns dazu gerne an.</p>
<hr size="2" />
<p><strong>Ist <strong>denk<em>!mal</em></strong> ein Wettbewerb? Gibt es Preise zu gewinnen?</strong><br />
Bei <strong>denk<em>!mal</em> </strong>geht es ums Mitmachen! Jedes Projekt ist dabei wichtig um die Erinnerung aufrecht zu erhalten. In diesem Jahr wird es außerdem eine Fachjury geben, die sich alle eure Projekte intensiv ansieht. Und auch Preise werden bei der Ausstellungseröffnung verliehen. Bei einem davon könnt ihr auch selbst mitentscheiden.</p>
<hr />
<p><strong>Was für Projekte können angemeldet werden?</strong><br />
Es gibt vier verschiedene Kategorien, in denen ihr euer Projekt vorstellen könnt. Die Kategorien sind: mach!<em>mal</em>, schreib<em>!mal, </em>mal<em>!mal, </em>sing<em>!mal. </em>Aber eure Projekte dürfen natürlich auch in mehrere oder alle Kategorien passen.<em><br />
</em></p>
<p>Ihr könnt Euch natürlich auch anschauen, welche Projekte in den letzten Jahren präsentiert worden sind:<br />
<a href="https://denkmal-berlin.de/jugendforum/archiv/" target="_blank" rel="noopener noreferrer">denk<em>!mal</em> Archiv</a></p>

<p>Hier findet ihr die Antworten auf die häufigsten Fragen zum Jugendforum denk!mal. Falls noch Fragen offen bleiben, hilft<span class="excerpt_more">weiterlesen&#8230;</span></p>
