{"id":3263,"date":"2023-01-25T14:01:34","date_gmt":"2023-01-25T13:01:34","guid":{"rendered":"https:\/\/denkmal-berlin.de\/2023\/?post_type=projekt&#038;p=3263"},"modified":"2023-01-25T14:41:07","modified_gmt":"2023-01-25T13:41:07","slug":"wenn-man-den-blick-zum-himmel-hebt-gibt-es-keine-grenzen-mehr","status":"publish","type":"projekt","link":"https:\/\/denkmal-berlin.de\/jugendforum\/projekt\/wenn-man-den-blick-zum-himmel-hebt-gibt-es-keine-grenzen-mehr\/","title":{"rendered":"Wenn man den Blick zum Himmel hebt, gibt es keine Grenzen mehr"},"content":{"rendered":"\n<p>Die Kinder einer M\u00e4dchengruppe des CVJM im M\u00e4rkischen Viertel treffen sich w\u00f6chentlich, um sich \u00fcber Probleme von Ausgrenzung und Rassismus in ihrem Kiez zu auszutauschen und zu beraten.<\/p>\n\n\n\n<p>Welche pers\u00f6nlichen Erfahrungen haben wir mit Diskriminierung gemacht? Wie sind wir damit umgegangen? Wie k\u00f6nnen wir dazu beitragen, dass Diskriminierung und Rassismus keine Probleme in unserem Viertel mehr sein m\u00fcssen? Anhand dieser Fragen haben sich die M\u00e4dchen Gedanken gemacht, um m\u00f6gliche Antworten zu finden. Immer wieder wird deutlich, dass Themen wie Diskriminierung und Rassismus leider noch sehr aktuell sind und auf keinen Fall totgeschwiegen werden d\u00fcrfen.<\/p>\n\n\n\n<p>F\u00fcr das Jugendforum denk!mal \u201910 haben die M\u00e4dchen einen Kurzfilm gedreht, in dem sie ihre Gedanken zu den genannten Fragen zum Ausdruck bringen.<\/p>\n","protected":false},"author":57,"featured_media":3288,"parent":0,"template":"","meta":[],"project_categories":[22,4],"class_list":["post-3263","projekt","type-projekt","status-publish","has-post-thumbnail","hentry","project_categories-22","project_categories-projekt-machmal"],"_links":{"self":[{"href":"https:\/\/denkmal-berlin.de\/jugendforum\/wp-json\/wp\/v2\/projekt\/3263","targetHints":{"allow":["GET"]}}],"collection":[{"href":"https:\/\/denkmal-berlin.de\/jugendforum\/wp-json\/wp\/v2\/projekt"}],"about":[{"href":"https:\/\/denkmal-berlin.de\/jugendforum\/wp-json\/wp\/v2\/types\/projekt"}],"author":[{"embeddable":true,"href":"https:\/\/denkmal-berlin.de\/jugendforum\/wp-json\/wp\/v2\/users\/57"}],"wp:featuredmedia":[{"embeddable":true,"href":"https:\/\/denkmal-berlin.de\/jugendforum\/wp-json\/wp\/v2\/media\/3288"}],"wp:attachment":[{"href":"https:\/\/denkmal-berlin.de\/jugendforum\/wp-json\/wp\/v2\/media?parent=3263"}],"wp:term":[{"taxonomy":"project_categories","embeddable":true,"href":"https:\/\/denkmal-berlin.de\/jugendforum\/wp-json\/wp\/v2\/project_categories?post=3263"}],"curies":[{"name":"wp","href":"https:\/\/api.w.org\/{rel}","templated":true}]}}

<p>Die Kinder einer Mädchengruppe des CVJM im Märkischen Viertel treffen sich wöchentlich, um sich über Probleme von Ausgrenzung und Rassismus in ihrem Kiez zu auszutauschen und zu beraten.</p>



<p>Welche persönlichen Erfahrungen haben wir mit Diskriminierung gemacht? Wie sind wir damit umgegangen? Wie können wir dazu beitragen, dass Diskriminierung und Rassismus keine Probleme in unserem Viertel mehr sein müssen? Anhand dieser Fragen haben sich die Mädchen Gedanken gemacht, um mögliche Antworten zu finden. Immer wieder wird deutlich, dass Themen wie Diskriminierung und Rassismus leider noch sehr aktuell sind und auf keinen Fall totgeschwiegen werden dürfen.</p>



<p>Für das Jugendforum denk!mal ’10 haben die Mädchen einen Kurzfilm gedreht, in dem sie ihre Gedanken zu den genannten Fragen zum Ausdruck bringen.</p>
