{"id":3661,"date":"2023-02-06T18:07:13","date_gmt":"2023-02-06T17:07:13","guid":{"rendered":"https:\/\/denkmal-berlin.de\/2023\/?post_type=projekt&#038;p=3661"},"modified":"2023-02-06T18:22:33","modified_gmt":"2023-02-06T17:22:33","slug":"rassismus-nein-danke","status":"publish","type":"projekt","link":"https:\/\/denkmal-berlin.de\/jugendforum\/projekt\/rassismus-nein-danke\/","title":{"rendered":"Rassismus, nein danke!"},"content":{"rendered":"\n<p>Sch\u00fclerinnen und Sch\u00fcler der&nbsp;<strong>Gemeinschaftsschule Neuk\u00f6lln&nbsp;<\/strong>auf dem Campus R\u00fctli setzten sich mit Hilfe von&nbsp;<strong>WeTV<\/strong>&nbsp;mit dem Thema Rassismus auseinander. Sie befragten ihre Familien und Mitsch\u00fcler was Rassismus eigentlich ist, ob sieRassismus schon selbst erlebt haben oder ob sie vielleicht selbst mal rassistisch waren. Zudem bekamen sie Besuch von Personen, die sich f\u00fcr eine bessere Asylpolitik und eine \u00f6ffentliche Auseinandersetzung mit der Kolonialgeschichte engagieren. Ihre Arbeit begleiteten sie mit einer Filmkamera und erstellten aus dem gesammelten Material eine 30-min\u00fctige Dokumentation.<\/p>\n","protected":false},"author":57,"featured_media":3663,"parent":0,"template":"","meta":[],"project_categories":[27,4],"class_list":["post-3661","projekt","type-projekt","status-publish","has-post-thumbnail","hentry","project_categories-27","project_categories-projekt-machmal"],"_links":{"self":[{"href":"https:\/\/denkmal-berlin.de\/jugendforum\/wp-json\/wp\/v2\/projekt\/3661","targetHints":{"allow":["GET"]}}],"collection":[{"href":"https:\/\/denkmal-berlin.de\/jugendforum\/wp-json\/wp\/v2\/projekt"}],"about":[{"href":"https:\/\/denkmal-berlin.de\/jugendforum\/wp-json\/wp\/v2\/types\/projekt"}],"author":[{"embeddable":true,"href":"https:\/\/denkmal-berlin.de\/jugendforum\/wp-json\/wp\/v2\/users\/57"}],"wp:featuredmedia":[{"embeddable":true,"href":"https:\/\/denkmal-berlin.de\/jugendforum\/wp-json\/wp\/v2\/media\/3663"}],"wp:attachment":[{"href":"https:\/\/denkmal-berlin.de\/jugendforum\/wp-json\/wp\/v2\/media?parent=3661"}],"wp:term":[{"taxonomy":"project_categories","embeddable":true,"href":"https:\/\/denkmal-berlin.de\/jugendforum\/wp-json\/wp\/v2\/project_categories?post=3661"}],"curies":[{"name":"wp","href":"https:\/\/api.w.org\/{rel}","templated":true}]}}

<p>Schülerinnen und Schüler der&nbsp;<strong>Gemeinschaftsschule Neukölln&nbsp;</strong>auf dem Campus Rütli setzten sich mit Hilfe von&nbsp;<strong>WeTV</strong>&nbsp;mit dem Thema Rassismus auseinander. Sie befragten ihre Familien und Mitschüler was Rassismus eigentlich ist, ob sieRassismus schon selbst erlebt haben oder ob sie vielleicht selbst mal rassistisch waren. Zudem bekamen sie Besuch von Personen, die sich für eine bessere Asylpolitik und eine öffentliche Auseinandersetzung mit der Kolonialgeschichte engagieren. Ihre Arbeit begleiteten sie mit einer Filmkamera und erstellten aus dem gesammelten Material eine 30-minütige Dokumentation.</p>
