{"id":3664,"date":"2023-02-06T18:07:52","date_gmt":"2023-02-06T17:07:52","guid":{"rendered":"https:\/\/denkmal-berlin.de\/2023\/?post_type=projekt&#038;p=3664"},"modified":"2023-02-06T18:22:27","modified_gmt":"2023-02-06T17:22:27","slug":"nur-weil-etwas-mit-ihrem-chromosomensatz-nicht-stimmte-dokumentarische-collage-zu-den-krankenmorden-1940-in-brandenburg-havel","status":"publish","type":"projekt","link":"https:\/\/denkmal-berlin.de\/jugendforum\/projekt\/nur-weil-etwas-mit-ihrem-chromosomensatz-nicht-stimmte-dokumentarische-collage-zu-den-krankenmorden-1940-in-brandenburg-havel\/","title":{"rendered":"Nur weil etwas mit ihrem Chromosomensatz nicht stimmte\u2026 Dokumentarische Collage zu den Krankenmorden 1940 in Brandenburg\/Havel"},"content":{"rendered":"\n<p>Sch\u00fclerinnen und Sch\u00fcler des&nbsp;<strong>Bertolt-Brecht-Gymnasiums&nbsp;<\/strong>in Brandenburg ander Havel besch\u00e4ftigten sich in der dortigenGedenkst\u00e4tte f\u00fcr die Opfer der \u201eEuthanasie\u201c-Morde intensiv mit den Morden an krankenund behinderten Menschen im Nationalsozialismus. Auf der Grundlage ihrer Recherchenverfassten sie eine szenische Lesung, in der Ausschnitte von Aussagen der T\u00e4terund Selbst- bzw. Fremdzeugnisse der Opfergegen\u00fcbergestellt wurden. W\u00e4hrend der Abendveranstaltung des&nbsp;<strong>Jugendforums denk<\/strong><strong><em>!mal&nbsp;<\/em><\/strong><strong>\u201914&nbsp;<\/strong>riefen sie mit ihrer Lesungden Zuschauern ins Ged\u00e4chtnis, welch ein\u201eGeist der Enge und der Gewalt\u201c w\u00e4hrendder NS-Zeit herrschte.<\/p>\n","protected":false},"author":57,"featured_media":3666,"parent":0,"template":"","meta":[],"project_categories":[27,4],"class_list":["post-3664","projekt","type-projekt","status-publish","has-post-thumbnail","hentry","project_categories-27","project_categories-projekt-machmal"],"_links":{"self":[{"href":"https:\/\/denkmal-berlin.de\/jugendforum\/wp-json\/wp\/v2\/projekt\/3664","targetHints":{"allow":["GET"]}}],"collection":[{"href":"https:\/\/denkmal-berlin.de\/jugendforum\/wp-json\/wp\/v2\/projekt"}],"about":[{"href":"https:\/\/denkmal-berlin.de\/jugendforum\/wp-json\/wp\/v2\/types\/projekt"}],"author":[{"embeddable":true,"href":"https:\/\/denkmal-berlin.de\/jugendforum\/wp-json\/wp\/v2\/users\/57"}],"wp:featuredmedia":[{"embeddable":true,"href":"https:\/\/denkmal-berlin.de\/jugendforum\/wp-json\/wp\/v2\/media\/3666"}],"wp:attachment":[{"href":"https:\/\/denkmal-berlin.de\/jugendforum\/wp-json\/wp\/v2\/media?parent=3664"}],"wp:term":[{"taxonomy":"project_categories","embeddable":true,"href":"https:\/\/denkmal-berlin.de\/jugendforum\/wp-json\/wp\/v2\/project_categories?post=3664"}],"curies":[{"name":"wp","href":"https:\/\/api.w.org\/{rel}","templated":true}]}}

<p>Schülerinnen und Schüler des&nbsp;<strong>Bertolt-Brecht-Gymnasiums&nbsp;</strong>in Brandenburg ander Havel beschäftigten sich in der dortigenGedenkstätte für die Opfer der „Euthanasie“-Morde intensiv mit den Morden an krankenund behinderten Menschen im Nationalsozialismus. Auf der Grundlage ihrer Recherchenverfassten sie eine szenische Lesung, in der Ausschnitte von Aussagen der Täterund Selbst- bzw. Fremdzeugnisse der Opfergegenübergestellt wurden. Während der Abendveranstaltung des&nbsp;<strong>Jugendforums denk</strong><strong><em>!mal&nbsp;</em></strong><strong>’14&nbsp;</strong>riefen sie mit ihrer Lesungden Zuschauern ins Gedächtnis, welch ein„Geist der Enge und der Gewalt“ währendder NS-Zeit herrschte.</p>
