{"id":3699,"date":"2023-02-06T18:16:39","date_gmt":"2023-02-06T17:16:39","guid":{"rendered":"https:\/\/denkmal-berlin.de\/2023\/?post_type=projekt&#038;p=3699"},"modified":"2023-02-06T18:20:58","modified_gmt":"2023-02-06T17:20:58","slug":"gedenken-an-die-opfer-der-ns-diktatur-2","status":"publish","type":"projekt","link":"https:\/\/denkmal-berlin.de\/jugendforum\/projekt\/gedenken-an-die-opfer-der-ns-diktatur-2\/","title":{"rendered":"Gedenken an die Opfer der NS-Diktatur"},"content":{"rendered":"\n<p>Drei 10. Klassen der&nbsp;<strong>Evangelischen Schule Berlin Zentrum&nbsp;<\/strong>besch\u00e4ftigten sich imGeschichtsunterricht intensiv mit der Zeitdes Nationalsozialismus. Die Sch\u00fclerinnenund Sch\u00fcler verarbeiteten ihr Wissen undihre Gef\u00fchle in Text- und Filmbeitr\u00e4gen,Kurzh\u00f6rspielen, Skulpturen, Installationenund Plakaten. Mit den vielf\u00e4ltigen Ausstellungsbeitr\u00e4genm\u00f6chten die Jugendlichendas Gedenken an all diejenigen Menschenaufrechterhalten, die w\u00e4hrend der nationalsozialistischenDiktatur verfolgt, vertrieben,verhaftet, gefoltert und systematisch vernichtet wurden.<\/p>\n","protected":false},"author":57,"featured_media":3700,"parent":0,"template":"","meta":[],"project_categories":[27,4],"class_list":["post-3699","projekt","type-projekt","status-publish","has-post-thumbnail","hentry","project_categories-27","project_categories-projekt-machmal"],"_links":{"self":[{"href":"https:\/\/denkmal-berlin.de\/jugendforum\/wp-json\/wp\/v2\/projekt\/3699","targetHints":{"allow":["GET"]}}],"collection":[{"href":"https:\/\/denkmal-berlin.de\/jugendforum\/wp-json\/wp\/v2\/projekt"}],"about":[{"href":"https:\/\/denkmal-berlin.de\/jugendforum\/wp-json\/wp\/v2\/types\/projekt"}],"author":[{"embeddable":true,"href":"https:\/\/denkmal-berlin.de\/jugendforum\/wp-json\/wp\/v2\/users\/57"}],"wp:featuredmedia":[{"embeddable":true,"href":"https:\/\/denkmal-berlin.de\/jugendforum\/wp-json\/wp\/v2\/media\/3700"}],"wp:attachment":[{"href":"https:\/\/denkmal-berlin.de\/jugendforum\/wp-json\/wp\/v2\/media?parent=3699"}],"wp:term":[{"taxonomy":"project_categories","embeddable":true,"href":"https:\/\/denkmal-berlin.de\/jugendforum\/wp-json\/wp\/v2\/project_categories?post=3699"}],"curies":[{"name":"wp","href":"https:\/\/api.w.org\/{rel}","templated":true}]}}

<p>Drei 10. Klassen der&nbsp;<strong>Evangelischen Schule Berlin Zentrum&nbsp;</strong>beschäftigten sich imGeschichtsunterricht intensiv mit der Zeitdes Nationalsozialismus. Die Schülerinnenund Schüler verarbeiteten ihr Wissen undihre Gefühle in Text- und Filmbeiträgen,Kurzhörspielen, Skulpturen, Installationenund Plakaten. Mit den vielfältigen Ausstellungsbeiträgenmöchten die Jugendlichendas Gedenken an all diejenigen Menschenaufrechterhalten, die während der nationalsozialistischenDiktatur verfolgt, vertrieben,verhaftet, gefoltert und systematisch vernichtet wurden.</p>
