{"id":4876,"date":"2025-01-23T15:24:58","date_gmt":"2025-01-23T14:24:58","guid":{"rendered":"https:\/\/denkmal-berlin.de\/jugendforum\/?post_type=projekt&#038;p=4876"},"modified":"2025-01-27T14:28:40","modified_gmt":"2025-01-27T13:28:40","slug":"der-weg-zum-gueterbahnhof-moabit","status":"publish","type":"projekt","link":"https:\/\/denkmal-berlin.de\/jugendforum\/projekt\/der-weg-zum-gueterbahnhof-moabit\/","title":{"rendered":"Der Weg zum G\u00fcterbahnhof Moabit"},"content":{"rendered":"<p>Im Fr\u00fchjahr 2024 fand der Geschichtsunterricht vom Felix-Mendelssohn-Bartholdy-Gymnasium auf der Stra\u00dfe statt, mit Blick auf eine Wegstrecke in Berlin-Moabit. In Zusammenarbeit mit dem Recherchekollektiv Vajswerk ging die 9f des Gymnasiums den biografischen Spuren nach, die sich vom Sammellager in der ehemaligen Synagoge Levetzowstra\u00dfe bis zum G\u00fcterbahnhof Moabit finden lie\u00dfen.<\/p>\n<p>Von Berliner Bahnh\u00f6fen wurden etwa 50.000 j\u00fcdische Menschen in der NS-Zeit deportiert; ca. 30.000 vom G\u00fcterbahnhof Moabit &#8211; nach Riga, Theresienstadt, Auschwitz. Der Weg zu den Moabiter Gleisanlagen f\u00fchrte mitten durch die Stadt; die Sch\u00fclerinnen und Sch\u00fcler sind ihm nachgegangen: anhand der Geschichte von Menschen, die sich im Sammellager Levetzowstra\u00dfe und\/oder am G\u00fcterbahnhof Moabit befanden.<\/p>\n<p>Nach den Lebensgeschichten wurde recherchiert und jeweils eine Nachricht verfasst: von einem Menschen heute an einen Menschen damals. Diese Nachrichten haben die Sch\u00fclerinnen und Sch\u00fcler im April 2024 vorgetragen, an den beiden historischen Orten, verbunden vom Stra\u00dfenalltag an einem Berliner Freitagnachmittag.<\/p>\n<p>Abschlie\u00dfend erstellte jeder Sch\u00fcler und jede Sch\u00fclerin noch eine biografische Mappe, aus der nun eine Auswahl f\u00fcr die Ausstellung im Rahmen des Jugendforums denk!mal 25 im Abgeordnetenhaus von Berlin gezeigt wird.<\/p>\n","protected":false},"author":52,"featured_media":4879,"parent":0,"template":"","meta":[],"project_categories":[39,4,5,6],"class_list":["post-4876","projekt","type-projekt","status-publish","has-post-thumbnail","hentry","project_categories-39","project_categories-projekt-machmal","project_categories-projekt-malmal","project_categories-projekt-schreibmal"],"_links":{"self":[{"href":"https:\/\/denkmal-berlin.de\/jugendforum\/wp-json\/wp\/v2\/projekt\/4876","targetHints":{"allow":["GET"]}}],"collection":[{"href":"https:\/\/denkmal-berlin.de\/jugendforum\/wp-json\/wp\/v2\/projekt"}],"about":[{"href":"https:\/\/denkmal-berlin.de\/jugendforum\/wp-json\/wp\/v2\/types\/projekt"}],"author":[{"embeddable":true,"href":"https:\/\/denkmal-berlin.de\/jugendforum\/wp-json\/wp\/v2\/users\/52"}],"wp:featuredmedia":[{"embeddable":true,"href":"https:\/\/denkmal-berlin.de\/jugendforum\/wp-json\/wp\/v2\/media\/4879"}],"wp:attachment":[{"href":"https:\/\/denkmal-berlin.de\/jugendforum\/wp-json\/wp\/v2\/media?parent=4876"}],"wp:term":[{"taxonomy":"project_categories","embeddable":true,"href":"https:\/\/denkmal-berlin.de\/jugendforum\/wp-json\/wp\/v2\/project_categories?post=4876"}],"curies":[{"name":"wp","href":"https:\/\/api.w.org\/{rel}","templated":true}]}}

Der Weg zum Güterbahnhof Moabit

<p>Im Frühjahr 2024 fand der Geschichtsunterricht vom Felix-Mendelssohn-Bartholdy-Gymnasium auf der Straße statt, mit Blick auf eine Wegstrecke in Berlin-Moabit. In Zusammenarbeit mit dem Recherchekollektiv Vajswerk ging die 9f des Gymnasiums den biografischen Spuren nach, die sich vom Sammellager in der ehemaligen Synagoge Levetzowstraße bis zum Güterbahnhof Moabit finden ließen.</p>
<p>Von Berliner Bahnhöfen wurden etwa 50.000 jüdische Menschen in der NS-Zeit deportiert; ca. 30.000 vom Güterbahnhof Moabit &#8211; nach Riga, Theresienstadt, Auschwitz. Der Weg zu den Moabiter Gleisanlagen führte mitten durch die Stadt; die Schülerinnen und Schüler sind ihm nachgegangen: anhand der Geschichte von Menschen, die sich im Sammellager Levetzowstraße und/oder am Güterbahnhof Moabit befanden.</p>
<p>Nach den Lebensgeschichten wurde recherchiert und jeweils eine Nachricht verfasst: von einem Menschen heute an einen Menschen damals. Diese Nachrichten haben die Schülerinnen und Schüler im April 2024 vorgetragen, an den beiden historischen Orten, verbunden vom Straßenalltag an einem Berliner Freitagnachmittag.</p>
<p>Abschließend erstellte jeder Schüler und jede Schülerin noch eine biografische Mappe, aus der nun eine Auswahl für die Ausstellung im Rahmen des Jugendforums denk!mal 25 im Abgeordnetenhaus von Berlin gezeigt wird.</p>
