{"id":5257,"date":"2025-12-23T11:19:57","date_gmt":"2025-12-23T10:19:57","guid":{"rendered":"https:\/\/denkmal-berlin.de\/jugendforum\/?post_type=projekt&#038;p=5257"},"modified":"2026-01-23T10:31:54","modified_gmt":"2026-01-23T09:31:54","slug":"juedische-sportler-der-ns-zeit-schneller-hoeher-besser-weiter-und-dennoch-ausgebremst","status":"publish","type":"projekt","link":"https:\/\/denkmal-berlin.de\/jugendforum\/projekt\/juedische-sportler-der-ns-zeit-schneller-hoeher-besser-weiter-und-dennoch-ausgebremst\/","title":{"rendered":"J\u00fcdische Sportlerinnen und Sportler der NS-Zeit &#8211; schneller, h\u00f6her, besser, weiter und dennoch ausgebremst"},"content":{"rendered":"\n<p>Sch\u00fclerinnen und Sch\u00fcler des Kunstkurses der Sportschule im Olympiapark Poelchau erforschten Biografien j\u00fcdischer Sportlerinnen und Sportler und n\u00e4herten sich ihnen \u00fcber eigene verfasste innere Monologe an. Erste Ergebnisse waren Miniaturausstellungen, denen eine gro\u00dff\u00f6rmige Umsetzung folgt. Eigene sportliche Erfahrungen erm\u00f6glichten eine besondere Identifikation.<\/p>\n\n\n\n<div class=\"wp-block-columns is-layout-flex wp-container-core-columns-is-layout-9d6595d7 wp-block-columns-is-layout-flex\">\n<div class=\"wp-block-column is-layout-flow wp-block-column-is-layout-flow\">\n<figure class=\"wp-block-image size-large\"><img loading=\"lazy\" decoding=\"async\" width=\"1024\" height=\"768\" src=\"https:\/\/denkmal-berlin.de\/jugendforum\/files\/2025\/12\/IMG_5899-1024x768.jpg\" alt=\"Eine k\u00fcnstlerische Auseinandersetzung\" class=\"wp-image-5258\" srcset=\"https:\/\/denkmal-berlin.de\/jugendforum\/files\/2025\/12\/IMG_5899-1024x768.jpg 1024w, https:\/\/denkmal-berlin.de\/jugendforum\/files\/2025\/12\/IMG_5899-768x576.jpg 768w, https:\/\/denkmal-berlin.de\/jugendforum\/files\/2025\/12\/IMG_5899-1536x1152.jpg 1536w, https:\/\/denkmal-berlin.de\/jugendforum\/files\/2025\/12\/IMG_5899.jpg 2016w\" sizes=\"auto, (max-width: 1024px) 100vw, 1024px\" \/><figcaption class=\"wp-element-caption\">Foto: Theresa Eberle<\/figcaption><\/figure>\n<\/div>\n\n\n\n<div class=\"wp-block-column is-layout-flow wp-block-column-is-layout-flow\">\n<figure class=\"wp-block-image size-large is-resized\"><img loading=\"lazy\" decoding=\"async\" width=\"742\" height=\"1024\" src=\"https:\/\/denkmal-berlin.de\/jugendforum\/files\/2025\/12\/IMG_6140-742x1024.jpg\" alt=\"\" class=\"wp-image-5259\" style=\"aspect-ratio:0.7243513739694099;width:228px;height:auto\" srcset=\"https:\/\/denkmal-berlin.de\/jugendforum\/files\/2025\/12\/IMG_6140-742x1024.jpg 742w, https:\/\/denkmal-berlin.de\/jugendforum\/files\/2025\/12\/IMG_6140-556x768.jpg 556w, https:\/\/denkmal-berlin.de\/jugendforum\/files\/2025\/12\/IMG_6140-768x1060.jpg 768w, https:\/\/denkmal-berlin.de\/jugendforum\/files\/2025\/12\/IMG_6140-1113x1536.jpg 1113w, https:\/\/denkmal-berlin.de\/jugendforum\/files\/2025\/12\/IMG_6140-scaled.jpg 1483w\" sizes=\"auto, (max-width: 742px) 100vw, 742px\" \/><figcaption class=\"wp-element-caption\">Foto: Theresa Eberle<\/figcaption><\/figure>\n<\/div>\n<\/div>\n\n\n\n<figure class=\"wp-block-audio\"><audio controls src=\"https:\/\/denkmal-berlin.de\/jugendforum\/files\/2025\/12\/Judith-Deutsch-Marou-Nele.mp3\"><\/audio><figcaption class=\"wp-element-caption\">Innerer Monolog: Judith Deutsch<\/figcaption><\/figure>\n\n\n\n<figure class=\"wp-block-audio\"><audio controls src=\"https:\/\/denkmal-berlin.de\/jugendforum\/files\/2025\/12\/Julius-Hirsch.mp3\"><\/audio><figcaption class=\"wp-element-caption\">Innerer Monolog: Julius Hirsch<\/figcaption><\/figure>\n\n\n\n<figure class=\"wp-block-audio\"><audio controls src=\"https:\/\/denkmal-berlin.de\/jugendforum\/files\/2025\/12\/Martha-Jacob-L.mp3\"><\/audio><figcaption class=\"wp-element-caption\">Innerer Monolog: Martha Jacob<\/figcaption><\/figure>\n\n\n\n<figure class=\"wp-block-audio\"><audio controls src=\"https:\/\/denkmal-berlin.de\/jugendforum\/files\/2025\/12\/AUDIO-2025-11-29-00-42-54-online-audio-converter.com_.mp3\"><\/audio><figcaption class=\"wp-element-caption\">Innerer Monolog: Gretel Bergmann<\/figcaption><\/figure>\n\n\n\n<figure class=\"wp-block-audio\"><audio controls src=\"https:\/\/denkmal-berlin.de\/jugendforum\/files\/2025\/12\/AUDIO-2025-11-29-00-44-39-online-audio-converter.com_.mp3\"><\/audio><figcaption class=\"wp-element-caption\">Innerer Monolog: Martha Jacob<\/figcaption><\/figure>\n\n\n\n<figure class=\"wp-block-audio\"><audio controls src=\"https:\/\/denkmal-berlin.de\/jugendforum\/files\/2025\/12\/AUDIO-2025-11-29-00-35-35-online-audio-converter.com_.mp3\"><\/audio><figcaption class=\"wp-element-caption\">Innerer Monolog: Gretel Bergmann<\/figcaption><\/figure>\n\n\n\n<figure class=\"wp-block-embed is-type-video is-provider-youtube wp-block-embed-youtube wp-embed-aspect-16-9 wp-has-aspect-ratio\"><div class=\"wp-block-embed__wrapper\">\n <div class=\"brlbs-cmpnt-container brlbs-cmpnt-content-blocker brlbs-cmpnt-with-individual-styles\" data-borlabs-cookie-content-blocker-id=\"youtube-content-blocker\" data-borlabs-cookie-content=\"PGlmcmFtZSB0aXRsZT0iVmlkZW9wZXJmb3JtYW5jZSBNYXJ0aGEgSmFrb2IiIHdpZHRoPSI1MDAiIGhlaWdodD0iMjgxIiBzcmM9Imh0dHBzOi8vd3d3LnlvdXR1YmUtbm9jb29raWUuY29tL2VtYmVkLzhEdDR3T20wTE1vP2ZlYXR1cmU9b2VtYmVkIiBmcmFtZWJvcmRlcj0iMCIgYWxsb3c9ImFjY2VsZXJvbWV0ZXI7IGF1dG9wbGF5OyBjbGlwYm9hcmQtd3JpdGU7IGVuY3J5cHRlZC1tZWRpYTsgZ3lyb3Njb3BlOyBwaWN0dXJlLWluLXBpY3R1cmU7IHdlYi1zaGFyZSIgcmVmZXJyZXJwb2xpY3k9InN0cmljdC1vcmlnaW4td2hlbi1jcm9zcy1vcmlnaW4iIGFsbG93ZnVsbHNjcmVlbj48L2lmcmFtZT4=\"><div class=\"brlbs-cmpnt-cb-preset-c brlbs-cmpnt-cb-youtube\"> <div class=\"brlbs-cmpnt-cb-thumbnail\" style=\"background-image: url('https:\/\/denkmal-berlin.de\/jugendforum\/wp-content\/uploads\/borlabs-cookie\/29\/yt_8Dt4wOm0LMo_hqdefault.jpg')\"><\/div> <div class=\"brlbs-cmpnt-cb-main\"> <div class=\"brlbs-cmpnt-cb-play-button\"><\/div> <div class=\"brlbs-cmpnt-cb-content\"> <p class=\"brlbs-cmpnt-cb-description\">Sie sehen gerade einen Platzhalterinhalt von <strong>YouTube<\/strong>. Um auf den eigentlichen Inhalt zuzugreifen, klicken Sie auf die Schaltfl\u00e4che unten. Bitte beachten Sie, dass dabei Daten an Drittanbieter weitergegeben werden.<\/p> <a class=\"brlbs-cmpnt-cb-provider-toggle\" href=\"#\" data-borlabs-cookie-show-provider-information role=\"button\">Mehr Informationen<\/a> <\/div> <div class=\"brlbs-cmpnt-cb-buttons\"> <a class=\"brlbs-cmpnt-cb-btn\" href=\"#\" data-borlabs-cookie-unblock role=\"button\">Inhalt entsperren<\/a> <a class=\"brlbs-cmpnt-cb-btn\" href=\"#\" data-borlabs-cookie-accept-service role=\"button\" style=\"display: inherit\">Erforderlichen Service akzeptieren und Inhalte entsperren<\/a> <\/div> <\/div> <\/div><\/div>\n<\/div><\/figure>\n\n\n\n<figure class=\"wp-block-embed is-type-video is-provider-youtube wp-block-embed-youtube wp-embed-aspect-16-9 wp-has-aspect-ratio\"><div class=\"wp-block-embed__wrapper\">\n <div class=\"brlbs-cmpnt-container brlbs-cmpnt-content-blocker brlbs-cmpnt-with-individual-styles\" data-borlabs-cookie-content-blocker-id=\"youtube-content-blocker\" data-borlabs-cookie-content=\"PGlmcmFtZSB0aXRsZT0iVmlkZW9wZXJmb3JtYW5jZSBKdWRpdGggRGV1dHNjaCIgd2lkdGg9IjUwMCIgaGVpZ2h0PSIyODEiIHNyYz0iaHR0cHM6Ly93d3cueW91dHViZS1ub2Nvb2tpZS5jb20vZW1iZWQvT1dFQ0t3Vmduc0E\/ZmVhdHVyZT1vZW1iZWQiIGZyYW1lYm9yZGVyPSIwIiBhbGxvdz0iYWNjZWxlcm9tZXRlcjsgYXV0b3BsYXk7IGNsaXBib2FyZC13cml0ZTsgZW5jcnlwdGVkLW1lZGlhOyBneXJvc2NvcGU7IHBpY3R1cmUtaW4tcGljdHVyZTsgd2ViLXNoYXJlIiByZWZlcnJlcnBvbGljeT0ic3RyaWN0LW9yaWdpbi13aGVuLWNyb3NzLW9yaWdpbiIgYWxsb3dmdWxsc2NyZWVuPjwvaWZyYW1lPg==\"><div class=\"brlbs-cmpnt-cb-preset-c brlbs-cmpnt-cb-youtube\"> <div class=\"brlbs-cmpnt-cb-thumbnail\" style=\"background-image: url('https:\/\/denkmal-berlin.de\/jugendforum\/wp-content\/uploads\/borlabs-cookie\/29\/yt_OWECKwVgnsA_hqdefault.jpg')\"><\/div> <div class=\"brlbs-cmpnt-cb-main\"> <div class=\"brlbs-cmpnt-cb-play-button\"><\/div> <div class=\"brlbs-cmpnt-cb-content\"> <p class=\"brlbs-cmpnt-cb-description\">Sie sehen gerade einen Platzhalterinhalt von <strong>YouTube<\/strong>. Um auf den eigentlichen Inhalt zuzugreifen, klicken Sie auf die Schaltfl\u00e4che unten. Bitte beachten Sie, dass dabei Daten an Drittanbieter weitergegeben werden.<\/p> <a class=\"brlbs-cmpnt-cb-provider-toggle\" href=\"#\" data-borlabs-cookie-show-provider-information role=\"button\">Mehr Informationen<\/a> <\/div> <div class=\"brlbs-cmpnt-cb-buttons\"> <a class=\"brlbs-cmpnt-cb-btn\" href=\"#\" data-borlabs-cookie-unblock role=\"button\">Inhalt entsperren<\/a> <a class=\"brlbs-cmpnt-cb-btn\" href=\"#\" data-borlabs-cookie-accept-service role=\"button\" style=\"display: inherit\">Erforderlichen Service akzeptieren und Inhalte entsperren<\/a> <\/div> <\/div> <\/div><\/div>\n<\/div><\/figure>\n","protected":false},"author":61,"featured_media":5260,"parent":0,"template":"","meta":[],"project_categories":[45,4,5,6],"class_list":["post-5257","projekt","type-projekt","status-publish","has-post-thumbnail","hentry","project_categories-45","project_categories-projekt-machmal","project_categories-projekt-malmal","project_categories-projekt-schreibmal"],"_links":{"self":[{"href":"https:\/\/denkmal-berlin.de\/jugendforum\/wp-json\/wp\/v2\/projekt\/5257","targetHints":{"allow":["GET"]}}],"collection":[{"href":"https:\/\/denkmal-berlin.de\/jugendforum\/wp-json\/wp\/v2\/projekt"}],"about":[{"href":"https:\/\/denkmal-berlin.de\/jugendforum\/wp-json\/wp\/v2\/types\/projekt"}],"author":[{"embeddable":true,"href":"https:\/\/denkmal-berlin.de\/jugendforum\/wp-json\/wp\/v2\/users\/61"}],"wp:featuredmedia":[{"embeddable":true,"href":"https:\/\/denkmal-berlin.de\/jugendforum\/wp-json\/wp\/v2\/media\/5260"}],"wp:attachment":[{"href":"https:\/\/denkmal-berlin.de\/jugendforum\/wp-json\/wp\/v2\/media?parent=5257"}],"wp:term":[{"taxonomy":"project_categories","embeddable":true,"href":"https:\/\/denkmal-berlin.de\/jugendforum\/wp-json\/wp\/v2\/project_categories?post=5257"}],"curies":[{"name":"wp","href":"https:\/\/api.w.org\/{rel}","templated":true}]}}

Jüdische Sportlerinnen und Sportler der NS-Zeit &#8211; schneller, höher, besser, weiter und dennoch ausgebremst

<p>Schülerinnen und Schüler des Kunstkurses der Sportschule im Olympiapark Poelchau erforschten Biografien jüdischer Sportlerinnen und Sportler und näherten sich ihnen über eigene verfasste innere Monologe an. Erste Ergebnisse waren Miniaturausstellungen, denen eine großförmige Umsetzung folgt. Eigene sportliche Erfahrungen ermöglichten eine besondere Identifikation.</p>



<div class="wp-block-columns is-layout-flex wp-container-core-columns-is-layout-9d6595d7 wp-block-columns-is-layout-flex">
<div class="wp-block-column is-layout-flow wp-block-column-is-layout-flow">
<figure class="wp-block-image size-large"><img loading="lazy" decoding="async" width="1024" height="768" src="https://denkmal-berlin.de/jugendforum/files/2025/12/IMG_5899-1024x768.jpg" alt="Eine künstlerische Auseinandersetzung" class="wp-image-5258" srcset="https://denkmal-berlin.de/jugendforum/files/2025/12/IMG_5899-1024x768.jpg 1024w, https://denkmal-berlin.de/jugendforum/files/2025/12/IMG_5899-768x576.jpg 768w, https://denkmal-berlin.de/jugendforum/files/2025/12/IMG_5899-1536x1152.jpg 1536w, https://denkmal-berlin.de/jugendforum/files/2025/12/IMG_5899.jpg 2016w" sizes="auto, (max-width: 1024px) 100vw, 1024px" /><figcaption class="wp-element-caption">Foto: Theresa Eberle</figcaption></figure>
</div>



<div class="wp-block-column is-layout-flow wp-block-column-is-layout-flow">
<figure class="wp-block-image size-large is-resized"><img loading="lazy" decoding="async" width="742" height="1024" src="https://denkmal-berlin.de/jugendforum/files/2025/12/IMG_6140-742x1024.jpg" alt="" class="wp-image-5259" style="aspect-ratio:0.7243513739694099;width:228px;height:auto" srcset="https://denkmal-berlin.de/jugendforum/files/2025/12/IMG_6140-742x1024.jpg 742w, https://denkmal-berlin.de/jugendforum/files/2025/12/IMG_6140-556x768.jpg 556w, https://denkmal-berlin.de/jugendforum/files/2025/12/IMG_6140-768x1060.jpg 768w, https://denkmal-berlin.de/jugendforum/files/2025/12/IMG_6140-1113x1536.jpg 1113w, https://denkmal-berlin.de/jugendforum/files/2025/12/IMG_6140-scaled.jpg 1483w" sizes="auto, (max-width: 742px) 100vw, 742px" /><figcaption class="wp-element-caption">Foto: Theresa Eberle</figcaption></figure>
</div>
</div>



<figure class="wp-block-audio"><audio controls src="https://denkmal-berlin.de/jugendforum/files/2025/12/Judith-Deutsch-Marou-Nele.mp3"></audio><figcaption class="wp-element-caption">Innerer Monolog: Judith Deutsch</figcaption></figure>



<figure class="wp-block-audio"><audio controls src="https://denkmal-berlin.de/jugendforum/files/2025/12/Julius-Hirsch.mp3"></audio><figcaption class="wp-element-caption">Innerer Monolog: Julius Hirsch</figcaption></figure>



<figure class="wp-block-audio"><audio controls src="https://denkmal-berlin.de/jugendforum/files/2025/12/Martha-Jacob-L.mp3"></audio><figcaption class="wp-element-caption">Innerer Monolog: Martha Jacob</figcaption></figure>



<figure class="wp-block-audio"><audio controls src="https://denkmal-berlin.de/jugendforum/files/2025/12/AUDIO-2025-11-29-00-42-54-online-audio-converter.com_.mp3"></audio><figcaption class="wp-element-caption">Innerer Monolog: Gretel Bergmann</figcaption></figure>



<figure class="wp-block-audio"><audio controls src="https://denkmal-berlin.de/jugendforum/files/2025/12/AUDIO-2025-11-29-00-44-39-online-audio-converter.com_.mp3"></audio><figcaption class="wp-element-caption">Innerer Monolog: Martha Jacob</figcaption></figure>



<figure class="wp-block-audio"><audio controls src="https://denkmal-berlin.de/jugendforum/files/2025/12/AUDIO-2025-11-29-00-35-35-online-audio-converter.com_.mp3"></audio><figcaption class="wp-element-caption">Innerer Monolog: Gretel Bergmann</figcaption></figure>



<figure class="wp-block-embed is-type-video is-provider-youtube wp-block-embed-youtube wp-embed-aspect-16-9 wp-has-aspect-ratio"><div class="wp-block-embed__wrapper">
 <div class="brlbs-cmpnt-container brlbs-cmpnt-content-blocker brlbs-cmpnt-with-individual-styles" data-borlabs-cookie-content-blocker-id="youtube-content-blocker" data-borlabs-cookie-content="PGlmcmFtZSB0aXRsZT0iVmlkZW9wZXJmb3JtYW5jZSBNYXJ0aGEgSmFrb2IiIHdpZHRoPSI1MDAiIGhlaWdodD0iMjgxIiBzcmM9Imh0dHBzOi8vd3d3LnlvdXR1YmUtbm9jb29raWUuY29tL2VtYmVkLzhEdDR3T20wTE1vP2ZlYXR1cmU9b2VtYmVkIiBmcmFtZWJvcmRlcj0iMCIgYWxsb3c9ImFjY2VsZXJvbWV0ZXI7IGF1dG9wbGF5OyBjbGlwYm9hcmQtd3JpdGU7IGVuY3J5cHRlZC1tZWRpYTsgZ3lyb3Njb3BlOyBwaWN0dXJlLWluLXBpY3R1cmU7IHdlYi1zaGFyZSIgcmVmZXJyZXJwb2xpY3k9InN0cmljdC1vcmlnaW4td2hlbi1jcm9zcy1vcmlnaW4iIGFsbG93ZnVsbHNjcmVlbj48L2lmcmFtZT4="><div class="brlbs-cmpnt-cb-preset-c brlbs-cmpnt-cb-youtube"> <div class="brlbs-cmpnt-cb-thumbnail" style="background-image: url('https://denkmal-berlin.de/jugendforum/wp-content/uploads/borlabs-cookie/29/yt_8Dt4wOm0LMo_hqdefault.jpg')"></div> <div class="brlbs-cmpnt-cb-main"> <div class="brlbs-cmpnt-cb-play-button"></div> <div class="brlbs-cmpnt-cb-content"> <p class="brlbs-cmpnt-cb-description">Sie sehen gerade einen Platzhalterinhalt von <strong>YouTube</strong>. Um auf den eigentlichen Inhalt zuzugreifen, klicken Sie auf die Schaltfläche unten. Bitte beachten Sie, dass dabei Daten an Drittanbieter weitergegeben werden.</p> <a class="brlbs-cmpnt-cb-provider-toggle" href="#" data-borlabs-cookie-show-provider-information role="button">Mehr Informationen</a> </div> <div class="brlbs-cmpnt-cb-buttons"> <a class="brlbs-cmpnt-cb-btn" href="#" data-borlabs-cookie-unblock role="button">Inhalt entsperren</a> <a class="brlbs-cmpnt-cb-btn" href="#" data-borlabs-cookie-accept-service role="button" style="display: inherit">Erforderlichen Service akzeptieren und Inhalte entsperren</a> </div> </div> </div></div>
</div></figure>



<figure class="wp-block-embed is-type-video is-provider-youtube wp-block-embed-youtube wp-embed-aspect-16-9 wp-has-aspect-ratio"><div class="wp-block-embed__wrapper">
 <div class="brlbs-cmpnt-container brlbs-cmpnt-content-blocker brlbs-cmpnt-with-individual-styles" data-borlabs-cookie-content-blocker-id="youtube-content-blocker" data-borlabs-cookie-content="PGlmcmFtZSB0aXRsZT0iVmlkZW9wZXJmb3JtYW5jZSBKdWRpdGggRGV1dHNjaCIgd2lkdGg9IjUwMCIgaGVpZ2h0PSIyODEiIHNyYz0iaHR0cHM6Ly93d3cueW91dHViZS1ub2Nvb2tpZS5jb20vZW1iZWQvT1dFQ0t3Vmduc0E/ZmVhdHVyZT1vZW1iZWQiIGZyYW1lYm9yZGVyPSIwIiBhbGxvdz0iYWNjZWxlcm9tZXRlcjsgYXV0b3BsYXk7IGNsaXBib2FyZC13cml0ZTsgZW5jcnlwdGVkLW1lZGlhOyBneXJvc2NvcGU7IHBpY3R1cmUtaW4tcGljdHVyZTsgd2ViLXNoYXJlIiByZWZlcnJlcnBvbGljeT0ic3RyaWN0LW9yaWdpbi13aGVuLWNyb3NzLW9yaWdpbiIgYWxsb3dmdWxsc2NyZWVuPjwvaWZyYW1lPg=="><div class="brlbs-cmpnt-cb-preset-c brlbs-cmpnt-cb-youtube"> <div class="brlbs-cmpnt-cb-thumbnail" style="background-image: url('https://denkmal-berlin.de/jugendforum/wp-content/uploads/borlabs-cookie/29/yt_OWECKwVgnsA_hqdefault.jpg')"></div> <div class="brlbs-cmpnt-cb-main"> <div class="brlbs-cmpnt-cb-play-button"></div> <div class="brlbs-cmpnt-cb-content"> <p class="brlbs-cmpnt-cb-description">Sie sehen gerade einen Platzhalterinhalt von <strong>YouTube</strong>. Um auf den eigentlichen Inhalt zuzugreifen, klicken Sie auf die Schaltfläche unten. Bitte beachten Sie, dass dabei Daten an Drittanbieter weitergegeben werden.</p> <a class="brlbs-cmpnt-cb-provider-toggle" href="#" data-borlabs-cookie-show-provider-information role="button">Mehr Informationen</a> </div> <div class="brlbs-cmpnt-cb-buttons"> <a class="brlbs-cmpnt-cb-btn" href="#" data-borlabs-cookie-unblock role="button">Inhalt entsperren</a> <a class="brlbs-cmpnt-cb-btn" href="#" data-borlabs-cookie-accept-service role="button" style="display: inherit">Erforderlichen Service akzeptieren und Inhalte entsperren</a> </div> </div> </div></div>
</div></figure>
